) be the third derivative of g**4/12 + g**3 - g**2. Let v be d(6). Suppose -v = -y + 4. Is y composite?
True
Let y = 3 + 1. Suppose y*w - 4*r + 4 = 7*w, -3*w - 4 = -4*r. Suppose -8*j + 6*j + 106 = w. Is j prime?
True
Let c = 6 + -5. Let z be 4/(-4) + 57/c. Let a = -17 + z. Is a composite?
True
Let h = -465 - -20. Let y = 102 - h. Is y a prime number?
True
Suppose -2*q - 3*q + 259 = 4*o, -q - o = -52. Let v = 6 + q. Is v prime?
False
Let m be (1 - 3)*1/(-2). Let l = -1 + m. Suppose -4*s + 185 + 35 = l. Is s composite?
True
Let b(i) = -i**2 - 8*i - 7. Suppose -6*w - 28 = -2*w. Let m be b(w). Is 1 + (217 - (1 - m)) prime?
False
Let m(q) = q. Let p be m(0). Let w = -6 + 5. Is p - (w - 58)*1 a composite number?
False
Let x = 156 + 54. Suppose x = -s - 4*s - 5*h, 0 = -2*s - 5*h - 93. Is 4398/26 + 6/s a prime number?
False
Let y(l) = 3*l**3 + 7*l**2 - 7*l + 1. Let j be y(7). Let g = -400 + 664. Suppose g = -4*r + j. Is r a prime number?
False
Suppose 6*v - 4494 = 3*v + 3*z, v - 2*z - 1497 = 0. Is v prime?
True
Let j = 46 + -26. Let x = -13 + j. Is x a composite number?
False
Let u(q) = -29*q + 4. Let i = 10 - 16. Is u(i) prime?
False
Let z(k) be the first derivative of -k**5/20 - k**4/4 - k**3/6 + 2*k**2 - 4*k - 2. Let a(b) be the first derivative of z(b). Is a(-5) prime?
True
Let a = -4 + 7. Suppose -213 = -a*c - 0*c. Is c a prime number?
True
Let s be (-4)/(-10) - 3365/(-25). Suppose 5*r = -5*q + s, -36 = -4*q - r + 57. Is q prime?
False
Let c(o) = -1. Let x(l) = -10*l - 4. Let b(z) = 3*c(z) + x(z). Is b(-4) a prime number?
False
Let f = -2933 + 4570. Is f a prime number?
True
Suppose -3*f + 16 = f. Suppose 0*m + 2*m + 444 = f*c, -2*m + 8 = 0. Is c a composite number?
False
Let z be (3 - 4)/((-3)/6). Suppose z*s - s = 251. Is s a prime number?
True
Let p be (12/(-9))/((-2)/3). Suppose c - 573 = -p*c. Let n = c + -122. Is n a composite number?
True
Let q be 2 - (96*-1 + 2). Let y = 211 - q. Suppose -4*k + 97 = -y. Is k composite?
False
Suppose -5*u + 23 = -7. Suppose -2*i + u = -2*r, i = -i + 5*r + 6. Is i a composite number?
False
Suppose -5 = -4*o + 15. Let k be 5/(75/(-6))*o. Is k/(-3)*9 - -1 a composite number?
False
Suppose 5*z + 41 - 11 = 0. Let v be z/(-21) - 12/(-7). Suppose -30 = -v*j - 0*j. Is j composite?
True
Suppose -7*j - 618 = -10*j. Is j a composite number?
True
Let y = 3 + -6. Is y/4 + (-413)/(-28) prime?
False
Let y(x) = -x**2 - 4*x + 2. Let a be y(-3). Suppose a*w = -5*b + 2*b - 10280, -4*w = -20. Is (-4)/18 + b/(-27) a composite number?
False
Suppose 3*o - 17 = 7. Is -4*31*(-4)/o a prime number?
False
Let k = 8 - 11. Let n = k + 6. Suppose o = q + 8, -5*o - n*q + 31 = -1. Is o prime?
True
Let v be 373*2*3/6. Let n = -169 + v. Let q = -127 + n. Is q a composite number?
True
Let i(p) = 31*p - 46. Is i(17) a prime number?
False
Let t(g) = -g**2 - 9*g - 6. Let l be t(-8). Suppose -l*d + 6*d - 284 = 0. Is d prime?
True
Suppose -60 = -4*z - 3*d, -z + 5*d + 92 = 3*z. Let c = -11 + z. Is c a prime number?
True
Let p(x) = 2*x**2 - 13*x + 18. Is p(5) prime?
True
Let f(i) = i**3 - i**2 + i - 1. Let s(m) = -m**3 + 9*m**2 - 11*m - 8. Let q(h) = 2*f(h) + s(h). Let c(o) = -2*o**2 - 3*o + 2. Let x be c(-3). Is q(x) composite?
False
Suppose -12 = -3*s + 3*i, -2*i - 1 - 3 = 2*s. Let n = -4 + s. Is (-110)/n + (-3)/(-9) composite?
False
Let s = 29 + -17. Is 2/(-12) - (-2534)/s prime?
True
Suppose 3*l - 70 = 5. Is l prime?
False
Let d(z) = 6*z**2 + 3*z + 3. Let u(f) = f**3 - 5*f**2 + 3*f. Let c be u(4). Is d(c) a prime number?
False
Let j(h) = 93*h**2 - h + 1. Is j(2) composite?
True
Let b = -596 + 1653. Is b a prime number?
False
Let k = -6 - -12. Let x = k - 0. Is x a prime number?
False
Let i = -9 - -6. Let w(k) = k**3 + k**2 + 3*k + 4. Let y be w(i). Let f = -12 - y. Is f a composite number?
False
Suppose 2*s + 4 = 3*z - 0, -4*z + 11 = 3*s. Let b be (-5)/(-2)*5*10. Suppose z*m - 115 = -p, -2*m - 2*p + b = p. Is m a prime number?
False
Let f = 2759 - 1476. Is f composite?
False
Is (-366)/(-4) - 7/14 a composite number?
True
Let k(n) = -6*n**3 + 2*n**2 - 1. Let m be k(-1). Suppose -p - 12 = m. Let x = p + 34. Is x prime?
False
Let g = 38 - 64. Let m = -3 - -2. Is g/(m/(-3) - 1) prime?
False
Let n = -53 + 76. Let o be 10/4*16/20. Suppose n = -j + o*j. Is j a prime number?
True
Let k = 3 - 5. Is 43/k*(-6)/3 composite?
False
Suppose 5*m = -0*m + 15, 4*m + 12643 = 5*p. Is p a composite number?
False
Let h be (2/1)/((-2)/(-3)). Suppose -h*a = 49 - 214. Suppose 4*g - a = -g. Is g composite?
False
Let f(k) = -k**2 + 6*k + 3. Let x be f(6). Suppose -3*n + 34 = 3*t - 41, 5*n - 117 = -x*t. Suppose 0 = -i + n + 68. Is i a composite number?
False
Let j be (-7 - 1/(-1)) + 2. Let l be ((-12)/(-18))/(j/6). Is 31*l*(1 - 3) prime?
False
Let f = -2 + 19. Let x = f - 28. Is 1/(-1) - x - -1 prime?
True
Let m(n) be the second derivative of n**4/12 - 5*n**3/6 + n**2/2 - 5*n. Suppose 0 = x + 3*t - 5, -5*x = -0*t - t + 23. Is m(x) prime?
True
Let d(n) = 116*n - 49. Is d(9) a prime number?
False
Let c(j) = 4*j**3 - 13*j**2 - 13*j - 1. Is c(10) composite?
True
Suppose v - 2 = 2. Suppose -v*o + 0*t + 309 = -5*t, 2*o = -5*t + 117. Is o composite?
False
Suppose -k = -630 - 991. Is k a composite number?
False
Suppose -2*p - 2*g + 144 = 10, 4*p - 262 = -2*g. Suppose -2*u + 3*u = -15. Let i = p + u. Is i a composite number?
True
Let b = -20 + 17. Let p = 17 + -5. Let u = b + p. Is u prime?
False
Suppose 4*p = 224 + 404. Is p a composite number?
False
Suppose 3*l = 3*f + 42, 4*f + 2 = -l + 6. Let q = 64 - l. Let z = q - 29. Is z prime?
True
Is (-2*5/20)/(2/(-5996)) a prime number?
True
Let k(f) = f**3 - 8*f**2 - 7*f - 3. Suppose 2*u + 0*u = 5*w + 40, -2*u = 4*w - 4. Is k(u) a prime number?
True
Suppose -5*z + 38 = j, -2*j + 5*z + 78 = -j. Is j a composite number?
True
Let t = 14 - -32. Is t composite?
True
Let z be (-9)/(-3)*39/9. Let j = z + -9. Suppose k - 345 = -j*k. Is k composite?
True
Let t = -185 + 364. Let m = 292 - t. Is m a composite number?
False
Let r(v) = -v. Let y be r(-5). Let g = -20 - 6. Let d = y - g. Is d prime?
True
Is (6/(-10))/((-1)/85) composite?
True
Let g = 1750 + -1001. Is g a prime number?
False
Let d(v) = v**3 - v. Suppose 3*l + 0*m - 4 = -m, -3*l = -5*m - 16. Let x be d(l). Let g(p) = -p**3 + 6*p**2 + 2*p - 1. Is g(x) a composite number?
False
Let k be (3/12)/(3/24). Suppose 654 = 2*u - 2*j, -j - k*j = -4*u + 1310. Is u composite?
True
Let b be 8 + 0 - (6 + -4). Suppose -b*h + 5 = -h. Is (0 - (2 - h)) + 14 a prime number?
True
Let d = -179 + 338. Is d a composite number?
True
Suppose -3*a + 1117 = 214. Is a composite?
True
Is 5918/12 + ((-36)/6)/36 a composite number?
True
Let y(q) = -q**3 - 8*q**2 + 7*q + 11. Let j be (-2)/(2 + (-36)/15). Let u be j/(-6)*-3*-4. Is y(u) prime?
False
Let u(y) = y**2 + 1909. Is u(0) composite?
True
Suppose -h = 4*h + 10, 4*q + 4*h - 1340 = 0. Is q a prime number?
True
Let c = 18 - 15. Suppose 5*q - d + 3*d = 1681, c*q - d - 1002 = 0. Is q a composite number?
True
Let w(m) = -m**2 - 10*m - 4. Let h be w(-7). Let i = 199 + h. Let l = -105 + i. Is l prime?
False
Let r = 232 - 126. Suppose 0 = -2*k + 2*h + r, -2*k - 2*k + 194 = 5*h. Is k a prime number?
False
Let v = -1317 + 2678. Is v a composite number?
False
Suppose -m = 4*m - 4445. Is m a composite number?
True
Let o(u) = -u**2 - 6*u + 5. Let b be o(-6). Is 149/(b + -3 - 1) a composite number?
False
Let j = -105 + 1528. Is j composite?
False
Let h(z) = -z**3 - 6*z**2 + 6*z + 8. Let q = 5 - 3. Suppose 4*w + 4*i = -21 + 1, 3*i = -q*w - 8. Is h(w) a prime number?
False
Is ((-6)/(-9))/((-6)/(-1341)) a composite number?
False
Let x = 460 + -321. Suppose -2*g = -3*g + x. Is g composite?
False
Let b(w) be the second derivative of -11*w**5/20 - w**4/3 - 2*w**2 + 6*w. Is b(-3) composite?
False
Is 7 + -2 - 2 - (-1144)/4 a prime number?
False
Is (-3)/((-6)/(-1858))*(1 + -2) a prime number?
True
Let j be (4/10)/((-4)/20). Is (-2)/(j - (-120)/63) a prime number?
False
Let l(t) = -t**3 - 6*t**2 - 7*t - 7. Let p be l(-5). Let i(j) = 3*j**p + 0*j**3 - 2*j**2 + 9*j + 4 - 13*j. Is i(3) a composite number?
True
Is (6/(-4))/((-9)/8358) prime?
False
Let f = 8710 + -4421. Is f prime?
True
Let q = -11 + 16. Suppose q*y + 5*v = 210, -2*y - y + 106 = -v. Is y a composite number?
False
Suppo